1, 179, 13799
List the prime factors of 246793477.
7, 35256211
What are the prime factors of 419393345?
5, 7, 1933, 6199
What are the prime factors of 239654825?
5, 23, 163, 2557
List the prime factors of 1179423809.
1179423809
What are the prime factors of 87525849?
3, 29175283
List the prime factors of 86664770.
2, 5, 8666477
What are the prime factors of 2000712572?
2, 500178143
What are the prime factors of 88202446?
2, 19, 2321117
What are the prime factors of 2918576044?
2, 729644011
List the prime factors of 70209000.
2, 3, 5, 29, 269
What are the prime factors of 113004581?
223, 313, 1619
What are the prime factors of 642933606?
2, 3, 7, 312407
List the prime factors of 4119774533.
7, 59, 103, 96847
List the prime factors of 1568565127.
5431, 288817
List the prime factors of 198002893.
11, 17, 1058839
What are the prime factors of 162147818?
2, 7, 11581987
List the prime factors of 1741120733.
11, 347, 456149
What are the prime factors of 209250214?
2, 89, 193, 6091
List the prime factors of 845551120.
2, 5, 293, 36073
List the prime factors of 437829953.
11, 39802723
List the prime factors of 325366774.
2, 17, 2399, 3989
What are the prime factors of 153332517?
3, 13, 193, 1567
List the prime factors of 404274389.
61, 907, 7307
List the prime factors of 239445128.
2, 13, 59, 39023
What are the prime factors of 87108362?
2, 11, 53, 74707
What are the prime factors of 348319366?
2, 174159683
What are the prime factors of 771659288?
2, 96457411
What are the prime factors of 43253961?
3, 23, 421, 1489
What are the prime factors of 200908957?
7027, 28591
What are the prime factors of 188315157?
3, 62771719
What are the prime factors of 522263544?
2, 3, 11, 311, 6361
List the prime factors of 121389058.
2, 7, 89, 97423
List the prime factors of 163806432.
2, 3, 1706317
What are the prime factors of 137870113?
31, 4447423
List the prime factors of 64813695.
3, 5, 29, 148997
What are the prime factors of 3750199880?
2, 5, 7, 131, 102241
What are the prime factors of 2508106836?
2, 3, 5179, 40357
What are the prime factors of 30646979?
11, 2786089
List the prime factors of 1071595743.
3, 357198581
List the prime factors of 929972434.
2, 233, 1995649
What are the prime factors of 63297848?
2, 67, 118093
What are the prime factors of 1150360634?
2, 575180317
List the prime factors of 55914209.
13, 883, 4871
What are the prime factors of 654384686?
2, 13259, 24677
What are the prime factors of 41037265?
5, 43, 190871
What are the prime factors of 496791608?
2, 62098951
What are the prime factors of 262250252?
2, 11, 269, 22157
List the prime factors of 886746569.
61, 101, 163, 883
List the prime factors of 18823897.
311, 60527
What are the prime factors of 2880584057?
13, 17, 89, 137, 1069
What are the prime factors of 616628412?
2, 3, 17128567
List the prime factors of 19097385.
3, 5, 1273159
List the prime factors of 40058716.
2, 37, 270667
List the prime factors of 357953102.
2, 13, 179, 76913
What are the prime factors of 128289450?
2, 3, 5, 607, 1409
List the prime factors of 565501550.
2, 5, 89, 127079
What are the prime factors of 315175581?
3, 7, 59, 84793
What are the prime factors of 96042169?
19, 5054851
What are the prime factors of 1336131877?
29, 59, 269, 2903
What are the prime factors of 50797924?
2, 109, 263, 443
List the prime factors of 22557356.
2, 727, 7757
What are the prime factors of 1394590309?
7, 29, 2437, 2819
What are the prime factors of 708374647?
43, 47, 269, 1303
List the prime factors of 51942692.
2, 12985673
List the prime factors of 5707205598.
2, 3, 19, 983, 50929
What are the prime factors of 302071241?
1877, 160933
List the prime factors of 789370883.
7, 112767269
What are the prime factors of 36258351?
3, 71, 170227
List the prime factors of 42978655.
5, 8595731
List the prime factors of 119358122.
2, 13, 17, 31, 281
List the prime factors of 1761883387.
11, 9803, 16339
List the prime factors of 597061653.
3, 6491, 30661
List the prime factors of 964990488.
2, 3, 7, 11, 37, 1283
List the prime factors of 63168205.
5, 163, 179, 433
List the prime factors of 639114032.
2, 39944627
What are the prime factors of 193524583?
7, 17, 761, 2137
What are the prime factors of 1263381567?
3, 7, 60161027
What are the prime factors of 71450427?
3, 107, 222587
List the prime factors of 822383934.
2, 3, 31, 53, 83423
List the prime factors of 304429640.
2, 5, 7610741
What are the prime factors of 45791676?
2, 3, 7, 17, 509
List the prime factors of 177311975.
5, 7092479
List the prime factors of 410962097.
7, 13, 17, 421, 631
List the prime factors of 104818362.
2, 3, 11, 17, 103, 907
What are the prime factors of 22846293?
3, 282053
List the prime factors of 274752468.
2, 3, 7632013
What are the prime factors of 218846291?
577, 379283
What are the prime factors of 73271798?
2, 36635899
What are the prime factors of 187106875?
5, 299371
What are the prime factors of 116562015?
3, 5, 31, 83557
List the prime factors of 24954321.
3, 7, 47, 131, 193
What are the prime factors of 27181648?
2, 13, 130681
List the prime factors of 23624682.
2, 3, 71, 55457
What are the prime factors of 41113001?
53, 163, 4759
List the prime factors of 1974953706.
2, 3, 11, 79, 378779
List the prime factors of 425773950.
2, 3, 5, 7, 405499
What are the prime factors of 21297592?
2, 1597, 1667
List the prime factors of 58599984.
2, 3, 1220833
List the prime factors of 65755332.
2, 3, 1826537
What are the prime factors of 3169293017?
11, 17, 1433, 11827
List the prime factors of 762261001.
762261001
List the prime factors of 3574902878.
2, 101, 3697, 4787
What are the prime factors of 15661935?
3, 5, 348043
What are the prime factors of 34253169?
3, 71, 160813
What are the prime factors of 1510765898?
2, 755382949
What are the prime factors of 379980689?
11, 34543699
List the prime factors of 397946652.
2, 3, 73, 454277
List the prime factors of 1044804731.
89, 11739379
List the prime factors of 4966803950.
2, 5, 331, 300109
What are the prime factors of 144710302?
2, 11, 367, 17923
What are the prime factors of 230056027?
167, 919, 1499
List the prime factors of 117186962.
2, 58593481
List the prime factors of 5509307951.
7, 139, 881, 6427
What are the prime factors of 10529522?
2, 31, 169831
List the prime factors of 2166349105.
5, 433269821
List the prime factors of 958885870.
2, 5, 23, 29, 233, 617
What are the prime factors of 478368552?
2, 3, 19932023
What are the prime factors of 207602876?
2, 13, 23, 7547
What are the prime factors of 2352016742?
2, 17, 41, 103, 16381
What are the prime factors of 484702382?
2, 337, 719143
List the prime factors of 190988910.
2, 3, 5, 7, 303157
What are the prime factors of 138290815?
5, 13, 311, 6841
What are the prime factors of 44949874?
2, 241, 93257
What are the prime factors of 60474693?
3, 331, 60901
List the prime factors of 34653229.
13, 509, 5237
List the prime factors of 804368729.
9041, 88969
What are the prime factors of 466704723?
3, 17, 9151073
What are the prime factors of 967372212?
2, 3, 571, 141181
List the prime factors of 1856397795.
3, 5, 7, 41, 431219
List the prime factors of 1900460758.
2, 7, 135747197
List the prime factors of 183706872.
2, 3, 239, 32027
List the prime factors of 51878535.
3, 5, 29, 239, 499
What are the prime factors of 1219577321?
151, 503, 16057
List the prime factors of 315633544.
2, 39454193
List the prime factors of 294164074.
2, 5639, 26083
List the prime factors of 7999792603.
11, 601, 983, 1231
List the prime factors of 2243241411.
3, 101, 107, 69191
What are the prime factors of 348463170?
2, 3, 5, 11, 47, 7489
List the prime factors of 1608324074.
2, 7, 4211, 27281
List the prime factors of 35555727.
3, 11851909
What are the prime factors of 591517612?
2, 7, 3017947
What are the prime factors of 11245108?
2, 7, 57373
What are the prime factors of 4669249478?
2, 17, 197, 697111
What are the prime factors of 19229873?
13, 17, 87013
What are the prime factors of 1189401289?
1189401289
What are the prime factors of 2161946497?
277, 307, 25423
What are the prime factors of 74581644?
2, 3, 89, 69833
List the prime factors of 1280754997.
73, 313, 56053
What are the prime factors of 127755174?
2, 3, 1201, 17729
List the prime factors of 23503498.
2, 11751749